lse
Suppose 5*q - 13 + 63 = 0. Let l(b) = -b - 10. Let s be l(q). Suppose p + 3*j - 107 = s, 0 = -3*p - 4*j - j + 337. Is p a composite number?
True
Suppose -g - 4*c = -6*g + 3422, -2*g + 1362 = -5*c. Suppose 5*i + j = 1053, -5*i + g = -3*j - 375. Is i a prime number?
True
Let j be -6*(0 - 1/2). Let w(n) = n**3 + 6*n**2 - n. Let v be w(-6). Is 99/2 - j/v a composite number?
True
Let k(i) = 1062*i**3 - 2*i**2 + 1. Is k(1) prime?
True
Suppose 16 = -2*f + 4*f. Suppose 0 = -5*d + f*d - 30. Is d a composite number?
True
Suppose 4*v + 8*v = 8292. Is v prime?
True
Let y(n) = -n + 9. Let w be y(10). Let g = 27 + w. Is g a prime number?
False
Let h(j) = 3*j + j**3 - 3*j**2 + 2*j**3 + j + 2 - 2*j**3. Is h(4) prime?
False
Let j = -65 + 116. Is j composite?
True
Let t = -1 + -3. Let i = t - -6. Suppose -74 - 74 = -2*g + i*j, 4*g - 291 = 3*j. Is g a composite number?
True
Suppose -2*u - v + 6 = 0, 0 = u - 3*v + v - 3. Suppose 3*g = 0, 3*g - 59 - u = -2*i. Is i a prime number?
True
Let b(z) = -11*z**3 + 3*z**2 - 2*z - 9. Is b(-4) a composite number?
False
Suppose d - 692 = -2*p, 0 = -2*d - 0*d - 3*p + 1380. Suppose 0 = s + 2*s + d. Is 1/(1 - s/(-230)) composite?
True
Let c(j) = 18*j**2 + 2*j - 1. Is c(-3) a prime number?
False
Let j be (-7)/(-3*(-2)/6). Let x = -6 - j. Is 47/x*3/3 a prime number?
True
Let j be (-4)/14 + (-32)/(-14). Suppose 4*w - 4 = -f + 2*w, -j*w - 2 = -2*f. Suppose -x = 2*r - 78, -f*x + 5*r + 74 = -118. Is x a composite number?
True
Suppose 0 = -c + 4*c. Is ((-370)/(-6) - c)*3 a composite number?
True
Suppose -606 = -5*t + 899. Is t prime?
False
Suppose -b = -7*b + 1338. Is b composite?
False
Let i be 33/(-3) - 0 - -2. Is (105/i)/((-1)/3) composite?
True
Suppose 0 = -2*h + 148 - 32. Is h prime?
False
Suppose v - 116 = -3. Is v a composite number?
False
Suppose 5*o - 3*u - 4301 = 0, -2595 = -0*o - 3*o - 3*u. Is o a prime number?
False
Is 2334/30 - (-4)/(-5) a prime number?
False
Let y(t) = 5*t**2 + 2*t - 7. Is y(-4) composite?
True
Let s(w) = -5*w**3 + 4*w**2 - 14*w - 21. Let y(x) = 2*x**3 - 2*x**2 + 7*x + 10. Let m(c) = 3*s(c) + 7*y(c). Is m(-7) a composite number?
True
Let y(o) = -4621*o**3 - o**2 - 2*o - 1. Is y(-1) prime?
True
Is (-2)/(-1)*(6 - -173) a prime number?
False
Let h = -5 - -4. Let p = 90 + h. Is p prime?
True
Let r(s) = -638*s - 19. Is r(-4) prime?
False
Let k be 6/8 - (-7365)/20. Suppose -4*q + k = 5*d - 2*d, 116 = d - q. Is d prime?
False
Let d be ((1 - 2) + 0)*1. Is 3*d + (-1 - -222) composite?
True
Suppose -4*d + 4*n = -0*d + 28, -2*d = -4*n + 16. Let o be d/(-15) + 3/5. Is o*19 - (-6 - -4) composite?
True
Suppose -3643 = -c - 4*a, 0 = -5*c + a + 25773 - 7474. Is c composite?
False
Let g = 8 + -7. Is -6 + 43 - (g + -1) prime?
True
Let y be (36/(-15))/((-3)/10). Let r be -1*1*y*-15. Is r + (6/3 - 3) prime?
False
Let m(v) = -v - 4. Let u be m(-6). Is -2 - u/((-6)/273) prime?
True
Suppose 0 = -5*v + 3*v. Is (5 - 154)/(-1 + v) a composite number?
False
Suppose 1 = -4*v - 3. Is (v + -1)*(-3223)/22 a composite number?
False
Suppose 5*o = -0 + 15. Let v(a) = a**3 + 10*a**2 - 16*a - 5. Let t(r) = r**2 - r - 1. Let n(d) = o*t(d) - v(d). Is n(-9) composite?
False
Let c be 66/4*(-4)/(-6). Suppose 5*i - 4*i - c = 0. Is i a composite number?
False
Suppose -7*f + 9593 = 402. Is f prime?
False
Suppose 5*z = 2*l - 397 + 5, 0 = 5*l + 2*z - 1009. Suppose 3*r - l = -r + c, -3*r + 2*c = -157. Is r a composite number?
True
Suppose -341 = 4*g + 151. Let w = -68 - g. Is w prime?
False
Let h(k) = -4*k**2 + k + 2. Let z be h(2). Let v = 171 - z. Is v a composite number?
True
Suppose 0 = 3*i - 214 - 14. Suppose -g + i = 20. Let u = g + 55. Is u composite?
True
Let p(x) = 45*x + 7. Let u be p(6). Let g = u - 198. Is g composite?
False
Let q(r) = -r**2 - 7*r + 25. Is q(-9) composite?
False
Let f(u) = u**3 - 4*u**2 - 5*u - 6. Let x be f(5). Let q(h) = -5*h**2 - 7*h - 4. Let g(n) = -9*n**2 - 14*n - 7. Let v(b) = -3*g(b) + 5*q(b). Is v(x) prime?
True
Let t = -1160 - -1639. Is t prime?
True
Let z be (5/(-2))/(7/(-140)). Is (6 - (1 - -2)) + z prime?
True
Suppose 0 = 5*s - 2*k - 451, s + 4*s - 454 = 3*k. Is s composite?
False
Suppose 5*a - 532 = -4*t, -5*t + 0*a = 3*a - 665. Is t prime?
False
Let y(x) = -9*x + 19. Is y(-14) prime?
False
Suppose -3*d = -3 - 54. Let q = d - 8. Is q prime?
True
Let j = -364 - -921. Is j prime?
True
Suppose 0 = -4*i + 9*i - 1165. Is i a composite number?
False
Let x = 143 - 90. Is x a prime number?
True
Let q be 0 + (3 - 1) + 4. Let k(d) = 3*d**2 - 1. Let p(l) = 4*l**2 - 1. Let i(s) = -5*k(s) + 4*p(s). Is i(q) a prime number?
True
Let k be (-8)/5*30/(-12). Suppose j = -k*b + 104, 3*b = -2*b - 2*j + 133. Is b composite?
True
Let a(n) = 88*n**2 - 3*n - 3. Let f be a(-2). Suppose 0 = -3*b + f + 182. Is b a composite number?
False
Suppose -2*z + 207 + 1267 = 0. Suppose 5*a = 3*y + z, -y + 705 = 5*a + 4*y. Is a prime?
False
Suppose 2*u + 2*u - 1012 = -3*o, 0 = -5*o. Suppose -110 = -3*k + u. Is k a prime number?
False
Suppose 4 = -4*t, 5*k - t = t + 3152. Suppose u - 125 = w + w, 5*w = 5*u - k. Is u prime?
True
Suppose 3*t - 652 = 7*t. Let a(o) = -33*o - 12. Let x be a(-8). Let k = t + x. Is k prime?
True
Is (-8)/36 + 200/9 a composite number?
True
Suppose 5*v - 4 - 6 = 4*k, -k - 5*v = 15. Let n(b) = -4*b - 5. Is n(k) a prime number?
False
Let h(a) = -a**2 + 5*a + 2. Let c be h(3). Let x be 16/6*12/c. Suppose 4 = x*l, l = -m - m + 79. Is m a prime number?
False
Let f = -23 + 41. Suppose -5*c + 17 = 3*h, -7 = 4*c + c - 3*h. Let y = c + f. Is y prime?
True
Suppose -5*a + 60 = -0*a. Let j be (-162)/(-4)*16/a. Let p = j - 17. Is p composite?
False
Is (-791)/(-5)*(2 - (1 + -4)) a composite number?
True
Let f be (9 - 6)/((-3)/(-7)). Is 2/7 + 1041/f a composite number?
False
Let b = -28 - -13. Let i = b + 73. Is i a prime number?
False
Let r = 229 - 80. Is r a prime number?
True
Suppose -4*b + 7*b + 9 = 0. Let q = b - -6. Suppose -2*d = q*l - 14, -10 = 3*l + 2*l. Is d prime?
False
Let w(s) = 25*s**3 + s**2 + 4*s - 7. Is w(5) a composite number?
False
Suppose b - 104 = 227. Is b a prime number?
True
Let z(t) = 785*t**2 - 2*t - 2. Is z(-1) prime?
False
Let q = -855 - -1436. Is q a prime number?
False
Let o(v) = -12*v - 1. Let i be o(7). Suppose 2*n + 250 = -3*n. Let s = n - i. Is s prime?
False
Let k(y) = 18*y**3 - 5*y**2 - 3*y + 7. Is k(4) prime?
False
Let d(b) = -4*b**3 - 11*b**2 - 3*b - 13. Is d(-9) a composite number?
False
Let b(h) = h**3 - 5*h**2 - h + 5. Let i be b(5). Let r(g) = -g - 22. Let y be r(-7). Let a = i - y. Is a composite?
True
Suppose 5*v + 16 = 51. Let j = v - -64. Is j a prime number?
True
Let g = -1200 + 1881. Is g composite?
True
Suppose -2*b + b = -13. Suppose 82 = -3*j + a - b, 0 = 3*a + 3. Let h = j + 71. Is h composite?
True
Let b be -1*(-4 + 2 + -3). Let m(o) = 2*o - 2*o**2 + 3*o**2 - 3*o - b. Is m(-6) composite?
False
Suppose 4*a + 0*v - 2*v - 6 = 0, 0 = -a + 2*v - 6. Suppose 2*k - 10 = a. Is k composite?
False
Suppose -13793 = -6*j + 75949. Is j prime?
True
Suppose -4*d + 4*q = -4672, -2*q = -5*d - 3*q + 5858. Is d prime?
True
Let t = 9 - 15. Let r be ((-4)/(-10))/(t/(-90)). Is 157/3 - r/(-9) composite?
False
Let y(n) = -4*n**2 - n**3 + 9*n - 4 + 6 + 3. Suppose 0 - 6 = b. Is y(b) a composite number?
False
Suppose 5*v + 32 = -33. Let a = -8 - v. Let k(d) = d**2 + 6*d - 2. Is k(a) a composite number?
False
Let l = 529 + -84. Is l a composite number?
True
Suppose -4*c + 53 = -3*c. Suppose -5*a + c = -4*a. Is a a prime number?
True
Let o(n) = -n**3 + 11*n**2 - 7*n + 10. Is o(7) prime?
True
Suppose 7*c + 7026 - 21537 = 0. Is c composite?
True
Let q(i) be the third derivative of i**6/60 + i**5/60 - i**4/24 + 2*i**2. Let k be q(1). Suppose -4*n + 50 = -2*w + 4*w, -n + k*w = -20. Is n prime?
False
Suppose 3*k - 3*w = -435, 3*k = -2*w - 0*w - 410. Is -6 - -3 - k/2 a composite number?
False
Let l = -15 - -41. Is l composite?
True
Suppose -5 = 5*p + c, 2*p + 15 = 4*p - 3*c. Let b = -2 + p. Is 8 + 0 - b*1 composite?
True
Suppose -5*s = 4*o, -2*s = 2*o - 0*s. Let d = o - -2. Suppose -d*m - 4 = -4*t, -6*m = -3*m - 12. Is t a composite number?
False
Let j(g) = -3*g**2 - 1 + g**2 + 3. Let v be j(-5). Let o = 7 - v. Is o a prime number?
False
Let d be -3 + (1 - -2) + 0. Suppose d = v + 3*v - 220. Is v prime?
False
Supp